Last updated on 2022-08-15 08:50:11 CEST.
Flavor | Version | Tinstall | Tcheck | Ttotal | Status | Flags |
---|---|---|---|---|---|---|
r-devel-linux-x86_64-debian-clang | 1.9.0 | 85.04 | 89.03 | 174.07 | NOTE | |
r-devel-linux-x86_64-debian-gcc | 1.9.0 | 64.72 | 67.01 | 131.73 | NOTE | |
r-devel-linux-x86_64-fedora-clang | 1.9.0 | 222.82 | NOTE | |||
r-devel-linux-x86_64-fedora-gcc | 1.9.0 | 230.51 | NOTE | |||
r-devel-windows-x86_64 | 1.9.0 | 158.00 | 133.00 | 291.00 | NOTE | |
r-patched-linux-x86_64 | 1.9.0 | 64.38 | 82.04 | 146.42 | OK | |
r-release-linux-x86_64 | 1.9.0 | 64.06 | 83.09 | 147.15 | OK | |
r-release-macos-arm64 | 1.9.0 | 54.00 | NOTE | |||
r-release-macos-x86_64 | 1.9.0 | 79.00 | NOTE | |||
r-release-windows-x86_64 | 1.9.0 | 231.00 | 114.00 | 345.00 | NOTE | |
r-oldrel-macos-arm64 | 1.9.0 | 54.00 | NOTE | |||
r-oldrel-macos-x86_64 | 1.9.0 | 79.00 | NOTE | |||
r-oldrel-windows-ix86+x86_64 | 1.9.0 | 161.00 | 127.00 | 288.00 | NOTE |
Version: 1.9.0
Check: HTML version of manual
Result: NOTE
Found the following math rendering problems:
sdreport.Rd:66-69: Undefined control sequence: \pmatrix in V \pmatrix{ \hat u - u \c...
sdreport.Rd:72: Undefined control sequence: \pmatrix in \pmatrix{\hat u(\theta)...
sdreport.Rd:80-81: Undefined control sequence: \pmatrix in ...x \nabla\phi V \pmatrix{
\hat u - u \c...
sdreport.Rd:85-86: Undefined control sequence: \pmatrix in V
\pmatrix{ \hat u - u \c...
Flavors: r-devel-linux-x86_64-debian-clang, r-devel-linux-x86_64-debian-gcc, r-devel-linux-x86_64-fedora-clang, r-devel-linux-x86_64-fedora-gcc
Version: 1.9.0
Check: installed package size
Result: NOTE
installed size is 5.2Mb
sub-directories of 1Mb or more:
examples 1.1Mb
include 3.6Mb
Flavors: r-devel-linux-x86_64-fedora-clang, r-devel-windows-x86_64, r-release-macos-arm64, r-release-macos-x86_64, r-release-windows-x86_64, r-oldrel-macos-arm64, r-oldrel-macos-x86_64, r-oldrel-windows-ix86+x86_64