Last updated on 2022-08-15 08:50:11 CEST.
Flavor | Version | Tinstall | Tcheck | Ttotal | Status | Flags |
---|---|---|---|---|---|---|
r-devel-linux-x86_64-debian-clang | 1.1 | 6.39 | 45.21 | 51.60 | NOTE | |
r-devel-linux-x86_64-debian-gcc | 1.1 | 3.74 | 34.03 | 37.77 | NOTE | |
r-devel-linux-x86_64-fedora-clang | 1.1 | 74.23 | NOTE | |||
r-devel-linux-x86_64-fedora-gcc | 1.1 | 66.17 | NOTE | |||
r-devel-windows-x86_64 | 1.1 | 34.00 | 72.00 | 106.00 | NOTE | |
r-patched-linux-x86_64 | 1.1 | 5.33 | 41.51 | 46.84 | NOTE | |
r-release-linux-x86_64 | 1.1 | 4.80 | 42.35 | 47.15 | NOTE | |
r-release-macos-arm64 | 1.1 | 20.00 | NOTE | |||
r-release-macos-x86_64 | 1.1 | 30.00 | NOTE | |||
r-release-windows-x86_64 | 1.1 | 43.00 | 71.00 | 114.00 | NOTE | |
r-oldrel-macos-arm64 | 1.1 | 28.00 | NOTE | |||
r-oldrel-macos-x86_64 | 1.1 | 35.00 | NOTE | |||
r-oldrel-windows-ix86+x86_64 | 1.1 | 11.00 | 63.00 | 74.00 | NOTE |
Version: 1.1
Check: LazyData
Result: NOTE
'LazyData' is specified without a 'data' directory
Flavors: r-devel-linux-x86_64-debian-clang, r-devel-linux-x86_64-debian-gcc, r-devel-linux-x86_64-fedora-clang, r-devel-linux-x86_64-fedora-gcc, r-devel-windows-x86_64, r-patched-linux-x86_64, r-release-linux-x86_64, r-release-macos-arm64, r-release-macos-x86_64, r-release-windows-x86_64, r-oldrel-macos-arm64, r-oldrel-macos-x86_64, r-oldrel-windows-ix86+x86_64