Last updated on 2022-08-15 08:50:11 CEST.
Flavor | Version | Tinstall | Tcheck | Ttotal | Status | Flags |
---|---|---|---|---|---|---|
r-devel-linux-x86_64-debian-clang | 1.1.0 | 11.30 | 173.70 | 185.00 | NOTE | |
r-devel-linux-x86_64-debian-gcc | 1.1.0 | 8.03 | 126.77 | 134.80 | NOTE | |
r-devel-linux-x86_64-fedora-clang | 1.1.0 | 230.77 | NOTE | |||
r-devel-linux-x86_64-fedora-gcc | 1.1.0 | 216.53 | NOTE | |||
r-devel-windows-x86_64 | 1.1.0 | 17.00 | 387.00 | 404.00 | NOTE | |
r-patched-linux-x86_64 | 1.1.0 | 9.26 | 158.92 | 168.18 | NOTE | |
r-release-linux-x86_64 | 1.1.0 | 8.76 | 159.04 | 167.80 | NOTE | |
r-release-macos-arm64 | 1.1.0 | 68.00 | NOTE | |||
r-release-macos-x86_64 | 1.1.0 | 149.00 | NOTE | |||
r-release-windows-x86_64 | 1.1.0 | 15.00 | 411.00 | 426.00 | NOTE | |
r-oldrel-macos-arm64 | 1.1.0 | 89.00 | NOTE | |||
r-oldrel-macos-x86_64 | 1.1.0 | 111.00 | NOTE | |||
r-oldrel-windows-ix86+x86_64 | 1.1.0 | 28.00 | 199.00 | 227.00 | NOTE |
Version: 1.1.0
Check: LazyData
Result: NOTE
'LazyData' is specified without a 'data' directory
Flavors: r-devel-linux-x86_64-debian-clang, r-devel-linux-x86_64-debian-gcc, r-devel-linux-x86_64-fedora-clang, r-devel-linux-x86_64-fedora-gcc, r-devel-windows-x86_64, r-patched-linux-x86_64, r-release-linux-x86_64, r-release-macos-arm64, r-release-macos-x86_64, r-release-windows-x86_64, r-oldrel-macos-arm64, r-oldrel-macos-x86_64, r-oldrel-windows-ix86+x86_64