Last updated on 2022-08-15 08:50:11 CEST.
Flavor | Version | Tinstall | Tcheck | Ttotal | Status | Flags |
---|---|---|---|---|---|---|
r-devel-linux-x86_64-debian-clang | 1.0.4 | 29.50 | 86.38 | 115.88 | OK | |
r-devel-linux-x86_64-debian-gcc | 1.0.4 | 26.23 | 63.93 | 90.16 | OK | |
r-devel-linux-x86_64-fedora-clang | 1.0.4 | 163.40 | OK | |||
r-devel-linux-x86_64-fedora-gcc | 1.0.4 | 149.76 | OK | |||
r-devel-windows-x86_64 | 1.0.4 | 33.00 | 254.00 | 287.00 | OK | |
r-patched-linux-x86_64 | 1.0.4 | 26.08 | 81.51 | 107.59 | OK | |
r-release-linux-x86_64 | 1.0.4 | 24.90 | 82.74 | 107.64 | OK | |
r-release-macos-arm64 | 1.0.4 | 63.00 | NOTE | |||
r-release-macos-x86_64 | 1.0.4 | 73.00 | OK | |||
r-release-windows-x86_64 | 1.0.4 | 34.00 | 221.00 | 255.00 | OK | |
r-oldrel-macos-arm64 | 1.0.4 | 67.00 | NOTE | |||
r-oldrel-macos-x86_64 | 1.0.4 | 74.00 | OK | |||
r-oldrel-windows-ix86+x86_64 | 1.0.4 | 51.00 | 116.00 | 167.00 | OK |
Version: 1.0.4
Check: installed package size
Result: NOTE
installed size is 5.3Mb
sub-directories of 1Mb or more:
data 5.1Mb
Flavors: r-release-macos-arm64, r-oldrel-macos-arm64