Last updated on 2022-08-15 08:50:11 CEST.
Flavor | Version | Tinstall | Tcheck | Ttotal | Status | Flags |
---|---|---|---|---|---|---|
r-devel-linux-x86_64-debian-clang | 1.3.1 | 14.33 | 119.96 | 134.29 | OK | |
r-devel-linux-x86_64-debian-gcc | 1.3.1 | 11.80 | 89.57 | 101.37 | OK | |
r-devel-linux-x86_64-fedora-clang | 1.3.1 | 176.91 | NOTE | |||
r-devel-linux-x86_64-fedora-gcc | 1.3.1 | 162.80 | NOTE | |||
r-devel-windows-x86_64 | 1.3.1 | 45.00 | 353.00 | 398.00 | OK | |
r-patched-linux-x86_64 | 1.3.1 | 15.14 | 113.27 | 128.41 | OK | |
r-release-linux-x86_64 | 1.3.1 | 12.03 | 114.21 | 126.24 | OK | |
r-release-macos-arm64 | 1.3.1 | 51.00 | NOTE | |||
r-release-macos-x86_64 | 1.3.1 | 72.00 | NOTE | |||
r-release-windows-x86_64 | 1.3.1 | 49.00 | 156.00 | 205.00 | OK | |
r-oldrel-macos-arm64 | 1.3.1 | 50.00 | NOTE | |||
r-oldrel-macos-x86_64 | 1.3.1 | 67.00 | NOTE | |||
r-oldrel-windows-ix86+x86_64 | 1.3.1 | 25.00 | 160.00 | 185.00 | OK |
Version: 1.3.1
Check: dependencies in R code
Result: NOTE
Namespace in Imports field not imported from: ‘tseries’
All declared Imports should be used.
Flavors: r-devel-linux-x86_64-fedora-clang, r-devel-linux-x86_64-fedora-gcc, r-release-macos-arm64, r-release-macos-x86_64, r-oldrel-macos-arm64, r-oldrel-macos-x86_64