Last updated on 2022-08-15 08:50:11 CEST.
Flavor | Version | Tinstall | Tcheck | Ttotal | Status | Flags |
---|---|---|---|---|---|---|
r-devel-linux-x86_64-debian-clang | 2.0 | 70.78 | 62.37 | 133.15 | OK | |
r-devel-linux-x86_64-debian-gcc | 2.0 | 53.72 | 48.55 | 102.27 | OK | |
r-devel-linux-x86_64-fedora-clang | 2.0 | 192.45 | OK | |||
r-devel-linux-x86_64-fedora-gcc | 2.0 | 169.71 | OK | |||
r-devel-windows-x86_64 | 2.0 | 73.00 | 324.00 | 397.00 | OK | |
r-patched-linux-x86_64 | 2.0 | 58.70 | 60.26 | 118.96 | OK | |
r-release-linux-x86_64 | 2.0 | 59.92 | 61.03 | 120.95 | OK | |
r-release-macos-arm64 | 2.0 | 50.00 | NOTE | |||
r-release-macos-x86_64 | 2.0 | 66.00 | NOTE | |||
r-release-windows-x86_64 | 2.0 | 135.00 | 297.00 | 432.00 | OK | |
r-oldrel-macos-arm64 | 2.0 | 48.00 | NOTE | |||
r-oldrel-macos-x86_64 | 2.0 | 67.00 | NOTE | |||
r-oldrel-windows-ix86+x86_64 | 2.0 | 153.00 | 120.00 | 273.00 | OK |
Version: 2.0
Check: installed package size
Result: NOTE
installed size is 10.6Mb
sub-directories of 1Mb or more:
data 1.2Mb
libs 9.3Mb
Flavors: r-release-macos-arm64, r-release-macos-x86_64, r-oldrel-macos-arm64, r-oldrel-macos-x86_64