Last updated on 2022-08-15 08:50:11 CEST.
Flavor | Version | Tinstall | Tcheck | Ttotal | Status | Flags |
---|---|---|---|---|---|---|
r-devel-linux-x86_64-debian-clang | 0.1.0 | 2.59 | 25.24 | 27.83 | OK | |
r-devel-linux-x86_64-debian-gcc | 0.1.0 | 2.27 | 19.47 | 21.74 | OK | |
r-devel-linux-x86_64-fedora-clang | 0.1.0 | 46.76 | NOTE | |||
r-devel-linux-x86_64-fedora-gcc | 0.1.0 | 43.54 | NOTE | |||
r-devel-windows-x86_64 | 0.1.0 | 13.00 | 96.00 | 109.00 | OK | |
r-patched-linux-x86_64 | 0.1.0 | 2.57 | 24.49 | 27.06 | OK | |
r-release-linux-x86_64 | 0.1.0 | 2.57 | 24.67 | 27.24 | OK | |
r-release-macos-arm64 | 0.1.0 | 15.00 | NOTE | |||
r-release-macos-x86_64 | 0.1.0 | 20.00 | NOTE | |||
r-release-windows-x86_64 | 0.1.0 | 12.00 | 81.00 | 93.00 | OK | |
r-oldrel-macos-arm64 | 0.1.0 | 18.00 | NOTE | |||
r-oldrel-macos-x86_64 | 0.1.0 | 26.00 | NOTE | |||
r-oldrel-windows-ix86+x86_64 | 0.1.0 | 6.00 | 48.00 | 54.00 | OK |
Version: 0.1.0
Check: dependencies in R code
Result: NOTE
Namespace in Imports field not imported from: ‘stats’
All declared Imports should be used.
Flavors: r-devel-linux-x86_64-fedora-clang, r-devel-linux-x86_64-fedora-gcc, r-release-macos-arm64, r-release-macos-x86_64, r-oldrel-macos-arm64, r-oldrel-macos-x86_64