Last updated on 2022-08-15 08:50:11 CEST.
Flavor | Version | Tinstall | Tcheck | Ttotal | Status | Flags |
---|---|---|---|---|---|---|
r-devel-linux-x86_64-debian-clang | 0.1.0 | 2.78 | 24.86 | 27.64 | OK | |
r-devel-linux-x86_64-debian-gcc | 0.1.0 | 2.00 | 19.19 | 21.19 | OK | |
r-devel-linux-x86_64-fedora-clang | 0.1.0 | 46.33 | NOTE | |||
r-devel-linux-x86_64-fedora-gcc | 0.1.0 | 42.85 | NOTE | |||
r-devel-windows-x86_64 | 0.1.0 | 12.00 | 120.00 | 132.00 | OK | |
r-patched-linux-x86_64 | 0.1.0 | 2.70 | 24.85 | 27.55 | OK | |
r-release-linux-x86_64 | 0.1.0 | 2.69 | 24.59 | 27.28 | OK | |
r-release-macos-arm64 | 0.1.0 | 16.00 | NOTE | |||
r-release-macos-x86_64 | 0.1.0 | 20.00 | NOTE | |||
r-release-windows-x86_64 | 0.1.0 | 12.00 | 77.00 | 89.00 | OK | |
r-oldrel-macos-arm64 | 0.1.0 | 19.00 | NOTE | |||
r-oldrel-macos-x86_64 | 0.1.0 | 27.00 | NOTE | |||
r-oldrel-windows-ix86+x86_64 | 0.1.0 | 6.00 | 45.00 | 51.00 | OK |
Version: 0.1.0
Check: dependencies in R code
Result: NOTE
Namespace in Imports field not imported from: ‘stats’
All declared Imports should be used.
Flavors: r-devel-linux-x86_64-fedora-clang, r-devel-linux-x86_64-fedora-gcc, r-release-macos-arm64, r-release-macos-x86_64, r-oldrel-macos-arm64, r-oldrel-macos-x86_64