Last updated on 2022-08-15 08:50:11 CEST.
Flavor | Version | Tinstall | Tcheck | Ttotal | Status | Flags |
---|---|---|---|---|---|---|
r-devel-linux-x86_64-debian-clang | 0.0.1 | 3.88 | 29.04 | 32.92 | NOTE | |
r-devel-linux-x86_64-debian-gcc | 0.0.1 | 2.55 | 22.40 | 24.95 | NOTE | |
r-devel-linux-x86_64-fedora-clang | 0.0.1 | 52.02 | NOTE | |||
r-devel-linux-x86_64-fedora-gcc | 0.0.1 | 50.97 | NOTE | |||
r-devel-windows-x86_64 | 0.0.1 | 8.00 | 167.00 | 175.00 | NOTE | |
r-patched-linux-x86_64 | 0.0.1 | 3.18 | 28.92 | 32.10 | NOTE | |
r-release-linux-x86_64 | 0.0.1 | 2.78 | 29.26 | 32.04 | NOTE | |
r-release-macos-arm64 | 0.0.1 | 16.00 | NOTE | |||
r-release-macos-x86_64 | 0.0.1 | 25.00 | NOTE | |||
r-release-windows-x86_64 | 0.0.1 | 8.00 | 60.00 | 68.00 | NOTE | |
r-oldrel-macos-arm64 | 0.0.1 | 22.00 | NOTE | |||
r-oldrel-macos-x86_64 | 0.0.1 | 25.00 | NOTE | |||
r-oldrel-windows-ix86+x86_64 | 0.0.1 | 8.00 | 48.00 | 56.00 | NOTE |
Version: 0.0.1
Check: LazyData
Result: NOTE
'LazyData' is specified without a 'data' directory
Flavors: r-devel-linux-x86_64-debian-clang, r-devel-linux-x86_64-debian-gcc, r-devel-linux-x86_64-fedora-clang, r-devel-linux-x86_64-fedora-gcc, r-devel-windows-x86_64, r-patched-linux-x86_64, r-release-linux-x86_64, r-release-macos-arm64, r-release-macos-x86_64, r-release-windows-x86_64, r-oldrel-macos-arm64, r-oldrel-macos-x86_64, r-oldrel-windows-ix86+x86_64