Last updated on 2022-08-15 08:50:11 CEST.
Flavor | Version | Tinstall | Tcheck | Ttotal | Status | Flags |
---|---|---|---|---|---|---|
r-devel-linux-x86_64-debian-clang | 0.3.1 | 12.07 | 92.08 | 104.15 | OK | |
r-devel-linux-x86_64-debian-gcc | 0.3.1 | 8.64 | 67.95 | 76.59 | OK | |
r-devel-linux-x86_64-fedora-clang | 0.3.1 | 137.60 | NOTE | |||
r-devel-linux-x86_64-fedora-gcc | 0.3.1 | 127.17 | OK | |||
r-devel-windows-x86_64 | 0.3.1 | 50.00 | 255.00 | 305.00 | OK | |
r-patched-linux-x86_64 | 0.3.1 | 10.20 | 86.44 | 96.64 | OK | |
r-release-linux-x86_64 | 0.3.1 | 10.41 | 85.92 | 96.33 | OK | |
r-release-macos-arm64 | 0.3.1 | 36.00 | OK | |||
r-release-macos-x86_64 | 0.3.1 | 63.00 | OK | |||
r-release-windows-x86_64 | 0.3.1 | 46.00 | 112.00 | 158.00 | OK | |
r-oldrel-macos-arm64 | 0.3.1 | 41.00 | OK | |||
r-oldrel-macos-x86_64 | 0.3.1 | 69.00 | OK | |||
r-oldrel-windows-ix86+x86_64 | 0.3.1 | 28.00 | 112.00 | 140.00 | OK |
Version: 0.3.1
Check: Rd cross-references
Result: NOTE
Undeclared package ‘gimms’ in Rd xrefs
Flavor: r-devel-linux-x86_64-fedora-clang