Last updated on 2022-08-15 08:50:11 CEST.
Flavor | Version | Tinstall | Tcheck | Ttotal | Status | Flags |
---|---|---|---|---|---|---|
r-devel-linux-x86_64-debian-clang | 1.3.1 | 12.16 | 121.83 | 133.99 | OK | |
r-devel-linux-x86_64-debian-gcc | 1.3.1 | 10.50 | 90.03 | 100.53 | OK | |
r-devel-linux-x86_64-fedora-clang | 1.3.1 | 179.20 | NOTE | |||
r-devel-linux-x86_64-fedora-gcc | 1.3.1 | 166.56 | OK | |||
r-devel-windows-x86_64 | 1.3.1 | 33.00 | 300.00 | 333.00 | OK | |
r-patched-linux-x86_64 | 1.3.1 | 21.00 | 127.29 | 148.29 | OK | |
r-release-linux-x86_64 | 1.3.1 | 14.92 | 128.13 | 143.05 | OK | |
r-release-macos-arm64 | 1.3.1 | 81.00 | OK | |||
r-release-macos-x86_64 | 1.3.1 | 145.00 | OK | |||
r-release-windows-x86_64 | 1.3.1 | 33.00 | 138.00 | 171.00 | OK | |
r-oldrel-macos-arm64 | 1.3.1 | 128.00 | OK | |||
r-oldrel-macos-x86_64 | 1.3.1 | 120.00 | OK | |||
r-oldrel-windows-ix86+x86_64 | 1.3.1 | 34.00 | 135.00 | 169.00 | OK |
Version: 1.3.1
Check: Rd cross-references
Result: NOTE
Undeclared packages ‘fpc’, ‘clValid’, ‘clv’ in Rd xrefs
Flavor: r-devel-linux-x86_64-fedora-clang