Last updated on 2022-08-15 08:50:11 CEST.
Flavor | Version | Tinstall | Tcheck | Ttotal | Status | Flags |
---|---|---|---|---|---|---|
r-devel-linux-x86_64-debian-clang | 2.0.0 | 9.56 | 67.96 | 77.52 | NOTE | |
r-devel-linux-x86_64-debian-gcc | 2.0.0 | 6.74 | 53.08 | 59.82 | NOTE | |
r-devel-linux-x86_64-fedora-clang | 2.0.0 | 105.85 | NOTE | |||
r-devel-linux-x86_64-fedora-gcc | 2.0.0 | 100.90 | NOTE | |||
r-devel-windows-x86_64 | 2.0.0 | 21.00 | 199.00 | 220.00 | NOTE | |
r-patched-linux-x86_64 | 2.0.0 | 7.23 | 65.28 | 72.51 | OK | |
r-release-linux-x86_64 | 2.0.0 | 7.34 | 66.38 | 73.72 | OK | |
r-release-macos-arm64 | 2.0.0 | 33.00 | OK | |||
r-release-macos-x86_64 | 2.0.0 | 47.00 | OK | |||
r-release-windows-x86_64 | 2.0.0 | 35.00 | 90.00 | 125.00 | OK | |
r-oldrel-macos-arm64 | 2.0.0 | 32.00 | OK | |||
r-oldrel-macos-x86_64 | 2.0.0 | 43.00 | OK | |||
r-oldrel-windows-ix86+x86_64 | 2.0.0 | 17.00 | 85.00 | 102.00 | OK |
Version: 2.0.0
Check: Rd files
Result: NOTE
checkRd: (-1) TempDisaggDGP.Rd:79: Escaped LaTeX specials: \&
checkRd: (-1) disaggregate.Rd:56: Escaped LaTeX specials: \&
Flavors: r-devel-linux-x86_64-debian-clang, r-devel-linux-x86_64-debian-gcc, r-devel-linux-x86_64-fedora-clang, r-devel-linux-x86_64-fedora-gcc, r-devel-windows-x86_64