Last updated on 2022-08-15 08:50:10 CEST.
Flavor | Version | Tinstall | Tcheck | Ttotal | Status | Flags |
---|---|---|---|---|---|---|
r-devel-linux-x86_64-debian-clang | 1.7 | 2.40 | 24.45 | 26.85 | NOTE | |
r-devel-linux-x86_64-debian-gcc | 1.7 | 1.99 | 19.17 | 21.16 | NOTE | |
r-devel-linux-x86_64-fedora-clang | 1.7 | 45.71 | NOTE | |||
r-devel-linux-x86_64-fedora-gcc | 1.7 | 42.32 | NOTE | |||
r-devel-windows-x86_64 | 1.7 | 28.00 | 61.00 | 89.00 | NOTE | |
r-patched-linux-x86_64 | 1.7 | 2.55 | 23.77 | 26.32 | OK | |
r-release-linux-x86_64 | 1.7 | 2.30 | 23.88 | 26.18 | OK | |
r-release-macos-arm64 | 1.7 | 16.00 | OK | |||
r-release-macos-x86_64 | 1.7 | 22.00 | OK | |||
r-release-windows-x86_64 | 1.7 | 21.00 | 175.00 | 196.00 | OK | |
r-oldrel-macos-arm64 | 1.7 | 18.00 | OK | |||
r-oldrel-macos-x86_64 | 1.7 | 27.00 | OK | |||
r-oldrel-windows-ix86+x86_64 | 1.7 | 5.00 | 46.00 | 51.00 | OK |
Version: 1.7
Check: Rd files
Result: NOTE
checkRd: (-1) tmCtypes.Rd:22: Escaped LaTeX specials: \#
Flavors: r-devel-linux-x86_64-debian-clang, r-devel-linux-x86_64-debian-gcc, r-devel-linux-x86_64-fedora-clang, r-devel-linux-x86_64-fedora-gcc, r-devel-windows-x86_64