Last updated on 2022-08-15 08:50:10 CEST.
Flavor | Version | Tinstall | Tcheck | Ttotal | Status | Flags |
---|---|---|---|---|---|---|
r-devel-linux-x86_64-debian-clang | 1.1.1 | 9.81 | 74.72 | 84.53 | OK | |
r-devel-linux-x86_64-debian-gcc | 1.1.1 | 9.54 | 57.30 | 66.84 | OK | |
r-devel-linux-x86_64-fedora-clang | 1.1.1 | 118.58 | NOTE | |||
r-devel-linux-x86_64-fedora-gcc | 1.1.1 | 110.71 | NOTE | |||
r-devel-windows-x86_64 | 1.1.1 | 33.00 | 102.00 | 135.00 | OK | |
r-patched-linux-x86_64 | 1.1.1 | 11.05 | 71.97 | 83.02 | OK | |
r-release-linux-x86_64 | 1.1.1 | 9.92 | 71.30 | 81.22 | OK | |
r-release-macos-arm64 | 1.1.1 | 39.00 | NOTE | |||
r-release-macos-x86_64 | 1.1.1 | 51.00 | NOTE | |||
r-release-windows-x86_64 | 1.1.1 | 35.00 | 232.00 | 267.00 | OK | |
r-oldrel-macos-arm64 | 1.1.1 | 39.00 | NOTE | |||
r-oldrel-macos-x86_64 | 1.1.1 | 54.00 | NOTE | |||
r-oldrel-windows-ix86+x86_64 | 1.1.1 | 17.00 | 96.00 | 113.00 | OK |
Version: 1.1.1
Check: dependencies in R code
Result: NOTE
Namespace in Imports field not imported from: ‘utils’
All declared Imports should be used.
Flavors: r-devel-linux-x86_64-fedora-clang, r-devel-linux-x86_64-fedora-gcc, r-release-macos-arm64, r-release-macos-x86_64, r-oldrel-macos-arm64, r-oldrel-macos-x86_64