Last updated on 2022-08-15 08:50:10 CEST.
Flavor | Version | Tinstall | Tcheck | Ttotal | Status | Flags |
---|---|---|---|---|---|---|
r-devel-linux-x86_64-debian-clang | 0.2.0 | 2.56 | 38.16 | 40.72 | NOTE | |
r-devel-linux-x86_64-debian-gcc | 0.2.0 | 2.66 | 29.00 | 31.66 | NOTE | |
r-devel-linux-x86_64-fedora-clang | 0.2.0 | 63.89 | NOTE | |||
r-devel-linux-x86_64-fedora-gcc | 0.2.0 | 59.74 | NOTE | |||
r-devel-windows-x86_64 | 0.2.0 | 79.00 | 68.00 | 147.00 | NOTE | |
r-patched-linux-x86_64 | 0.2.0 | 3.64 | 36.35 | 39.99 | NOTE | |
r-release-linux-x86_64 | 0.2.0 | 3.02 | 36.97 | 39.99 | NOTE | |
r-release-macos-arm64 | 0.2.0 | 21.00 | NOTE | |||
r-release-macos-x86_64 | 0.2.0 | 32.00 | NOTE | |||
r-release-windows-x86_64 | 0.2.0 | 74.00 | 279.00 | 353.00 | NOTE | |
r-oldrel-macos-arm64 | 0.2.0 | 22.00 | NOTE | |||
r-oldrel-macos-x86_64 | 0.2.0 | 39.00 | NOTE | |||
r-oldrel-windows-ix86+x86_64 | 0.2.0 | 7.00 | 58.00 | 65.00 | NOTE |
Version: 0.2.0
Check: LazyData
Result: NOTE
'LazyData' is specified without a 'data' directory
Flavors: r-devel-linux-x86_64-debian-clang, r-devel-linux-x86_64-debian-gcc, r-devel-linux-x86_64-fedora-clang, r-devel-linux-x86_64-fedora-gcc, r-devel-windows-x86_64, r-patched-linux-x86_64, r-release-linux-x86_64, r-release-macos-arm64, r-release-macos-x86_64, r-release-windows-x86_64, r-oldrel-macos-arm64, r-oldrel-macos-x86_64, r-oldrel-windows-ix86+x86_64