Last updated on 2022-08-15 08:50:10 CEST.
Flavor | Version | Tinstall | Tcheck | Ttotal | Status | Flags |
---|---|---|---|---|---|---|
r-devel-linux-x86_64-debian-clang | 0.1.3 | 15.11 | 141.33 | 156.44 | OK | |
r-devel-linux-x86_64-debian-gcc | 0.1.3 | 9.51 | 108.23 | 117.74 | OK | |
r-devel-linux-x86_64-fedora-clang | 0.1.3 | 205.07 | NOTE | |||
r-devel-linux-x86_64-fedora-gcc | 0.1.3 | 190.91 | NOTE | |||
r-devel-windows-x86_64 | 0.1.3 | 35.00 | 163.00 | 198.00 | OK | |
r-patched-linux-x86_64 | 0.1.3 | 13.06 | 137.18 | 150.24 | OK | |
r-release-linux-x86_64 | 0.1.3 | 10.47 | 136.59 | 147.06 | OK | |
r-release-macos-arm64 | 0.1.3 | 69.00 | NOTE | |||
r-release-macos-x86_64 | 0.1.3 | 81.00 | NOTE | |||
r-release-windows-x86_64 | 0.1.3 | 42.00 | 298.00 | 340.00 | OK | |
r-oldrel-macos-arm64 | 0.1.3 | 63.00 | NOTE | |||
r-oldrel-macos-x86_64 | 0.1.3 | 82.00 | NOTE | |||
r-oldrel-windows-ix86+x86_64 | 0.1.3 | 31.00 | 163.00 | 194.00 | OK |
Version: 0.1.3
Check: dependencies in R code
Result: NOTE
Namespaces in Imports field not imported from:
‘doParallel’ ‘forecast’ ‘parallel’ ‘tidyr’
All declared Imports should be used.
Flavors: r-devel-linux-x86_64-fedora-clang, r-devel-linux-x86_64-fedora-gcc, r-release-macos-arm64, r-release-macos-x86_64, r-oldrel-macos-arm64, r-oldrel-macos-x86_64
Version: 0.1.3
Check: data for non-ASCII characters
Result: NOTE
Note: found 40 marked UTF-8 strings
Flavors: r-devel-linux-x86_64-fedora-clang, r-devel-linux-x86_64-fedora-gcc, r-release-macos-arm64, r-release-macos-x86_64, r-oldrel-macos-arm64, r-oldrel-macos-x86_64