Last updated on 2022-08-15 08:50:11 CEST.
Flavor | Version | Tinstall | Tcheck | Ttotal | Status | Flags |
---|---|---|---|---|---|---|
r-devel-linux-x86_64-debian-clang | 2.2 | 5.71 | 58.19 | 63.90 | NOTE | |
r-devel-linux-x86_64-debian-gcc | 2.2 | 3.94 | 42.77 | 46.71 | NOTE | |
r-devel-linux-x86_64-fedora-clang | 2.2 | 88.54 | NOTE | |||
r-devel-linux-x86_64-fedora-gcc | 2.2 | 90.71 | NOTE | |||
r-devel-windows-x86_64 | 2.2 | 21.00 | 91.00 | 112.00 | OK | |
r-patched-linux-x86_64 | 2.2 | 4.23 | 55.27 | 59.50 | OK | |
r-release-linux-x86_64 | 2.2 | 5.31 | 56.45 | 61.76 | OK | |
r-release-macos-arm64 | 2.2 | 26.00 | OK | |||
r-release-macos-x86_64 | 2.2 | 36.00 | OK | |||
r-release-windows-x86_64 | 2.2 | 18.00 | 88.00 | 106.00 | OK | |
r-oldrel-macos-arm64 | 2.2 | 27.00 | OK | |||
r-oldrel-macos-x86_64 | 2.2 | 37.00 | OK | |||
r-oldrel-windows-ix86+x86_64 | 2.2 | 15.00 | 116.00 | 131.00 | OK |
Version: 2.2
Check: HTML version of manual
Result: NOTE
Found the following math rendering problems:
Tinflex.setup.Rd:62-67: Unknown column alignment: @ in ...\begin{array}{l@{\quad}l}%
...
Flavors: r-devel-linux-x86_64-debian-clang, r-devel-linux-x86_64-debian-gcc, r-devel-linux-x86_64-fedora-clang, r-devel-linux-x86_64-fedora-gcc