Last updated on 2022-08-15 08:50:11 CEST.
Flavor | Version | Tinstall | Tcheck | Ttotal | Status | Flags |
---|---|---|---|---|---|---|
r-devel-linux-x86_64-debian-clang | 0.1.0 | 8.93 | 83.83 | 92.76 | OK | |
r-devel-linux-x86_64-debian-gcc | 0.1.0 | 7.64 | 64.15 | 71.79 | OK | |
r-devel-linux-x86_64-fedora-clang | 0.1.0 | 127.09 | NOTE | |||
r-devel-linux-x86_64-fedora-gcc | 0.1.0 | 120.76 | NOTE | |||
r-devel-windows-x86_64 | 0.1.0 | 14.00 | 110.00 | 124.00 | OK | |
r-patched-linux-x86_64 | 0.1.0 | 8.13 | 79.92 | 88.05 | OK | |
r-release-linux-x86_64 | 0.1.0 | 9.17 | 80.49 | 89.66 | OK | |
r-release-macos-arm64 | 0.1.0 | 33.00 | NOTE | |||
r-release-macos-x86_64 | 0.1.0 | 67.00 | NOTE | |||
r-release-windows-x86_64 | 0.1.0 | 17.00 | 112.00 | 129.00 | OK | |
r-oldrel-macos-arm64 | 0.1.0 | 38.00 | NOTE | |||
r-oldrel-macos-x86_64 | 0.1.0 | 50.00 | NOTE | |||
r-oldrel-windows-ix86+x86_64 | 0.1.0 | 22.00 | 101.00 | 123.00 | OK |
Version: 0.1.0
Check: dependencies in R code
Result: NOTE
Namespace in Imports field not imported from: ‘Matrix’
All declared Imports should be used.
Flavors: r-devel-linux-x86_64-fedora-clang, r-devel-linux-x86_64-fedora-gcc, r-release-macos-arm64, r-release-macos-x86_64, r-oldrel-macos-arm64, r-oldrel-macos-x86_64