Last updated on 2022-08-15 08:50:11 CEST.
Flavor | Version | Tinstall | Tcheck | Ttotal | Status | Flags |
---|---|---|---|---|---|---|
r-devel-linux-x86_64-debian-clang | 0.1.1 | 7.31 | 67.02 | 74.33 | OK | |
r-devel-linux-x86_64-debian-gcc | 0.1.1 | 4.96 | 49.01 | 53.97 | OK | |
r-devel-linux-x86_64-fedora-clang | 0.1.1 | 98.94 | NOTE | |||
r-devel-linux-x86_64-fedora-gcc | 0.1.1 | 94.49 | NOTE | |||
r-devel-windows-x86_64 | 0.1.1 | 17.00 | 93.00 | 110.00 | OK | |
r-patched-linux-x86_64 | 0.1.1 | 4.98 | 62.51 | 67.49 | OK | |
r-release-linux-x86_64 | 0.1.1 | 4.57 | 62.29 | 66.86 | OK | |
r-release-macos-arm64 | 0.1.1 | 29.00 | NOTE | |||
r-release-macos-x86_64 | 0.1.1 | 51.00 | NOTE | |||
r-release-windows-x86_64 | 0.1.1 | 18.00 | 145.00 | 163.00 | OK | |
r-oldrel-macos-arm64 | 0.1.1 | 36.00 | NOTE | |||
r-oldrel-macos-x86_64 | 0.1.1 | 40.00 | NOTE | |||
r-oldrel-windows-ix86+x86_64 | 0.1.1 | 18.00 | 85.00 | 103.00 | OK |
Version: 0.1.1
Check: dependencies in R code
Result: NOTE
Namespace in Imports field not imported from: ‘tree’
All declared Imports should be used.
Flavors: r-devel-linux-x86_64-fedora-clang, r-devel-linux-x86_64-fedora-gcc, r-release-macos-arm64, r-release-macos-x86_64, r-oldrel-macos-arm64, r-oldrel-macos-x86_64