Last updated on 2022-08-15 08:50:11 CEST.
Flavor | Version | Tinstall | Tcheck | Ttotal | Status | Flags |
---|---|---|---|---|---|---|
r-devel-linux-x86_64-debian-clang | 1.7.3 | 74.22 | 146.18 | 220.40 | OK | |
r-devel-linux-x86_64-debian-gcc | 1.7.3 | 65.60 | 110.26 | 175.86 | OK | |
r-devel-linux-x86_64-fedora-clang | 1.7.3 | 300.82 | OK | |||
r-devel-linux-x86_64-fedora-gcc | 1.7.3 | 279.71 | OK | |||
r-devel-windows-x86_64 | 1.7.3 | 194.00 | 210.00 | 404.00 | OK | |
r-patched-linux-x86_64 | 1.7.3 | 76.24 | 135.04 | 211.28 | OK | |
r-release-linux-x86_64 | 1.7.3 | 70.21 | 136.48 | 206.69 | OK | |
r-release-macos-arm64 | 1.7.3 | 72.00 | NOTE | |||
r-release-macos-x86_64 | 1.7.3 | 98.00 | NOTE | |||
r-release-windows-x86_64 | 1.7.3 | 208.00 | 227.00 | 435.00 | OK | |
r-oldrel-macos-arm64 | 1.7.3 | 67.00 | NOTE | |||
r-oldrel-macos-x86_64 | 1.7.3 | 98.00 | NOTE | |||
r-oldrel-windows-ix86+x86_64 | 1.7.3 | 174.00 | 271.00 | 445.00 | OK |
Version: 1.7.3
Check: installed package size
Result: NOTE
installed size is 5.3Mb
sub-directories of 1Mb or more:
R 1.1Mb
libs 3.2Mb
Flavors: r-release-macos-arm64, r-release-macos-x86_64, r-oldrel-macos-arm64, r-oldrel-macos-x86_64