Last updated on 2022-08-15 08:50:11 CEST.
Flavor | Version | Tinstall | Tcheck | Ttotal | Status | Flags |
---|---|---|---|---|---|---|
r-devel-linux-x86_64-debian-clang | 0.1.0 | 12.60 | 148.91 | 161.51 | NOTE | |
r-devel-linux-x86_64-debian-gcc | 0.1.0 | 12.79 | 109.89 | 122.68 | NOTE | |
r-devel-linux-x86_64-fedora-clang | 0.1.0 | 212.69 | NOTE | |||
r-devel-linux-x86_64-fedora-gcc | 0.1.0 | 217.94 | NOTE | |||
r-devel-windows-x86_64 | 0.1.0 | 93.00 | 199.00 | 292.00 | NOTE | |
r-patched-linux-x86_64 | 0.1.0 | 19.22 | 135.57 | 154.79 | OK | |
r-release-linux-x86_64 | 0.1.0 | 11.40 | 135.67 | 147.07 | OK | |
r-release-macos-arm64 | 0.1.0 | 61.00 | NOTE | |||
r-release-macos-x86_64 | 0.1.0 | 84.00 | OK | |||
r-release-windows-x86_64 | 0.1.0 | 65.00 | 204.00 | 269.00 | NOTE | |
r-oldrel-macos-arm64 | 0.1.0 | 56.00 | NOTE | |||
r-oldrel-macos-x86_64 | 0.1.0 | 88.00 | OK | |||
r-oldrel-windows-ix86+x86_64 | 0.1.0 | 28.00 | 193.00 | 221.00 | OK |
Version: 0.1.0
Check: HTML version of manual
Result: NOTE
Found the following HTML validation problems:
Tb_mussel.html:100:6: Warning: <a> illegal characters found in URI
Tb_mussel.html:100:133: Warning: <a> illegal characters found in URI
Tb_snail.html:90:6: Warning: <a> illegal characters found in URI
Tb_snail.html:90:133: Warning: <a> illegal characters found in URI
Tbed_mussel.html:86:6: Warning: <a> illegal characters found in URI
Tbed_mussel.html:86:133: Warning: <a> illegal characters found in URI
Flavors: r-devel-linux-x86_64-debian-clang, r-devel-linux-x86_64-debian-gcc, r-devel-linux-x86_64-fedora-clang, r-devel-linux-x86_64-fedora-gcc
Version: 0.1.0
Check: installed package size
Result: NOTE
installed size is 5.0Mb
sub-directories of 1Mb or more:
doc 4.0Mb
Flavors: r-devel-linux-x86_64-fedora-clang, r-devel-windows-x86_64, r-release-macos-arm64, r-release-windows-x86_64, r-oldrel-macos-arm64