Last updated on 2022-08-15 08:50:11 CEST.
Flavor | Version | Tinstall | Tcheck | Ttotal | Status | Flags |
---|---|---|---|---|---|---|
r-devel-linux-x86_64-debian-clang | 1.0.1 | 166.99 | 228.45 | 395.44 | NOTE | |
r-devel-linux-x86_64-debian-gcc | 1.0.1 | 132.11 | 172.80 | 304.91 | NOTE | |
r-devel-linux-x86_64-fedora-clang | 1.0.1 | 480.67 | NOTE | |||
r-devel-linux-x86_64-fedora-gcc | 1.0.1 | 509.40 | NOTE | |||
r-devel-windows-x86_64 | 1.0.1 | 291.00 | 298.00 | 589.00 | NOTE | |
r-patched-linux-x86_64 | 1.0.1 | 139.43 | 226.97 | 366.40 | NOTE | |
r-release-linux-x86_64 | 1.0.1 | 121.27 | 228.69 | 349.96 | NOTE | |
r-release-macos-arm64 | 1.0.1 | 142.00 | NOTE | |||
r-release-macos-x86_64 | 1.0.1 | 236.00 | NOTE | |||
r-release-windows-x86_64 | 1.0.1 | 309.00 | 309.00 | 618.00 | NOTE | |
r-oldrel-macos-arm64 | 1.0.1 | 139.00 | NOTE | |||
r-oldrel-macos-x86_64 | 1.0.1 | 171.00 | NOTE | |||
r-oldrel-windows-ix86+x86_64 | 1.0.1 | 233.00 | 10.00 | 243.00 | ERROR |
Version: 1.0.1
Check: for GNU extensions in Makefiles
Result: NOTE
GNU make is a SystemRequirements.
Flavors: r-devel-linux-x86_64-debian-clang, r-devel-linux-x86_64-debian-gcc, r-devel-linux-x86_64-fedora-clang, r-devel-linux-x86_64-fedora-gcc, r-devel-windows-x86_64, r-patched-linux-x86_64, r-release-linux-x86_64, r-release-macos-arm64, r-release-macos-x86_64, r-release-windows-x86_64, r-oldrel-macos-arm64, r-oldrel-macos-x86_64
Version: 1.0.1
Check: dependencies in R code
Result: NOTE
Namespaces in Imports field not imported from:
‘RcppParallel’ ‘rstantools’
All declared Imports should be used.
Flavors: r-devel-linux-x86_64-fedora-clang, r-devel-linux-x86_64-fedora-gcc, r-release-macos-arm64, r-release-macos-x86_64, r-oldrel-macos-arm64, r-oldrel-macos-x86_64
Version: 1.0.1
Check: installed package size
Result: NOTE
installed size is 38.1Mb
sub-directories of 1Mb or more:
libs 37.5Mb
Flavors: r-release-macos-arm64, r-release-macos-x86_64, r-oldrel-macos-arm64, r-oldrel-macos-x86_64
Version: 1.0.1
Check: whether package can be installed
Result: ERROR
Installation failed.
Flavor: r-oldrel-windows-ix86+x86_64