Last updated on 2022-08-15 08:50:11 CEST.
Flavor | Version | Tinstall | Tcheck | Ttotal | Status | Flags |
---|---|---|---|---|---|---|
r-devel-linux-x86_64-debian-clang | 1.4 | 6.52 | 39.90 | 46.42 | OK | |
r-devel-linux-x86_64-debian-gcc | 1.4 | 4.01 | 30.66 | 34.67 | OK | |
r-devel-linux-x86_64-fedora-clang | 1.4 | 71.23 | NOTE | |||
r-devel-linux-x86_64-fedora-gcc | 1.4 | 62.07 | NOTE | |||
r-devel-windows-x86_64 | 1.4 | 86.00 | 68.00 | 154.00 | OK | |
r-patched-linux-x86_64 | 1.4 | 6.61 | 37.39 | 44.00 | OK | |
r-release-linux-x86_64 | 1.4 | 6.07 | 36.89 | 42.96 | OK | |
r-release-macos-arm64 | 1.4 | 20.00 | OK | |||
r-release-macos-x86_64 | 1.4 | 29.00 | OK | |||
r-release-windows-x86_64 | 1.4 | 21.00 | 64.00 | 85.00 | OK | |
r-oldrel-macos-arm64 | 1.4 | 24.00 | OK | |||
r-oldrel-macos-x86_64 | 1.4 | 39.00 | OK | |||
r-oldrel-windows-ix86+x86_64 | 1.4 | 15.00 | 60.00 | 75.00 | OK |
Version: 1.4
Check: compiled code
Result: NOTE
File ‘TrialSize/libs/TrialSize.so’:
Found no calls to: ‘R_registerRoutines’, ‘R_useDynamicSymbols’
It is good practice to register native routines and to disable symbol
search.
See ‘Writing portable packages’ in the ‘Writing R Extensions’ manual.
Flavors: r-devel-linux-x86_64-fedora-clang, r-devel-linux-x86_64-fedora-gcc