Last updated on 2022-08-15 08:50:11 CEST.
Flavor | Version | Tinstall | Tcheck | Ttotal | Status | Flags |
---|---|---|---|---|---|---|
r-devel-linux-x86_64-debian-clang | 2.2.2 | 42.03 | 198.16 | 240.19 | NOTE | |
r-devel-linux-x86_64-debian-gcc | 2.2.2 | 40.14 | 148.80 | 188.94 | NOTE | |
r-devel-linux-x86_64-fedora-clang | 2.2.2 | 332.45 | NOTE | |||
r-devel-linux-x86_64-fedora-gcc | 2.2.2 | 311.83 | NOTE | |||
r-devel-windows-x86_64 | 2.2.2 | 130.00 | 262.00 | 392.00 | NOTE | |
r-patched-linux-x86_64 | 2.2.2 | 39.29 | 191.32 | 230.61 | OK | |
r-release-linux-x86_64 | 2.2.2 | 41.18 | 197.04 | 238.22 | OK | |
r-release-macos-arm64 | 2.2.2 | 136.00 | OK | |||
r-release-macos-x86_64 | 2.2.2 | 190.00 | OK | |||
r-release-windows-x86_64 | 2.2.2 | 114.00 | 269.00 | 383.00 | OK | |
r-oldrel-macos-arm64 | 2.2.2 | 163.00 | OK | |||
r-oldrel-macos-x86_64 | 2.2.2 | 186.00 | OK | |||
r-oldrel-windows-ix86+x86_64 | 2.2.2 | 123.00 | 311.00 | 434.00 | OK |
Version: 2.2.2
Check: package subdirectories
Result: NOTE
Problems with news in 'NEWS.md':
Cannot extract version info from the following section titles:
Changes
Flavors: r-devel-linux-x86_64-debian-clang, r-devel-linux-x86_64-debian-gcc, r-devel-linux-x86_64-fedora-clang, r-devel-linux-x86_64-fedora-gcc, r-devel-windows-x86_64