Last updated on 2022-08-15 08:50:11 CEST.
Flavor | Version | Tinstall | Tcheck | Ttotal | Status | Flags |
---|---|---|---|---|---|---|
r-devel-linux-x86_64-debian-clang | 1.3-4 | 12.85 | 117.79 | 130.64 | OK | |
r-devel-linux-x86_64-debian-gcc | 1.3-4 | 10.99 | 87.30 | 98.29 | OK | |
r-devel-linux-x86_64-fedora-clang | 1.3-4 | 169.83 | NOTE | |||
r-devel-linux-x86_64-fedora-gcc | 1.3-4 | 160.64 | OK | |||
r-devel-windows-x86_64 | 1.3-4 | 20.00 | 143.00 | 163.00 | OK | |
r-patched-linux-x86_64 | 1.3-4 | 18.28 | 109.59 | 127.87 | OK | |
r-release-linux-x86_64 | 1.3-4 | 11.80 | 111.89 | 123.69 | OK | |
r-release-macos-arm64 | 1.3-4 | 46.00 | OK | |||
r-release-macos-x86_64 | 1.3-4 | 73.00 | OK | |||
r-release-windows-x86_64 | 1.3-4 | 23.00 | 142.00 | 165.00 | OK | |
r-oldrel-macos-arm64 | 1.3-4 | 41.00 | OK | |||
r-oldrel-macos-x86_64 | 1.3-4 | 62.00 | OK | |||
r-oldrel-windows-ix86+x86_64 | 1.3-4 | 28.00 | 131.00 | 159.00 | OK |
Version: 1.3-4
Check: Rd cross-references
Result: NOTE
Undeclared packages ‘multcomp’, ‘agricolae’ in Rd xrefs
Flavor: r-devel-linux-x86_64-fedora-clang