Last updated on 2022-08-15 08:50:11 CEST.
Flavor | Version | Tinstall | Tcheck | Ttotal | Status | Flags |
---|---|---|---|---|---|---|
r-devel-linux-x86_64-debian-clang | 0.0-3 | 58.73 | 79.45 | 138.18 | OK | |
r-devel-linux-x86_64-debian-gcc | 0.0-3 | 45.93 | 60.37 | 106.30 | OK | |
r-devel-linux-x86_64-fedora-clang | 0.0-3 | 190.28 | OK | |||
r-devel-linux-x86_64-fedora-gcc | 0.0-3 | 194.53 | OK | |||
r-devel-windows-x86_64 | 0.0-3 | 44.00 | 119.00 | 163.00 | OK | |
r-patched-linux-x86_64 | 0.0-3 | 47.04 | 75.99 | 123.03 | OK | |
r-release-linux-x86_64 | 0.0-3 | 50.08 | 77.88 | 127.96 | OK | |
r-release-macos-arm64 | 0.0-3 | 52.00 | NOTE | |||
r-release-macos-x86_64 | 0.0-3 | 65.00 | NOTE | |||
r-release-windows-x86_64 | 0.0-3 | 48.00 | 128.00 | 176.00 | OK | |
r-oldrel-macos-arm64 | 0.0-3 | 56.00 | NOTE | |||
r-oldrel-macos-x86_64 | 0.0-3 | 92.00 | NOTE | |||
r-oldrel-windows-ix86+x86_64 | 0.0-3 | 131.00 | 138.00 | 269.00 | OK |
Version: 0.0-3
Check: installed package size
Result: NOTE
installed size is 5.3Mb
sub-directories of 1Mb or more:
libs 5.2Mb
Flavors: r-release-macos-arm64, r-release-macos-x86_64, r-oldrel-macos-arm64, r-oldrel-macos-x86_64