Last updated on 2022-08-15 08:50:11 CEST.
Flavor | Version | Tinstall | Tcheck | Ttotal | Status | Flags |
---|---|---|---|---|---|---|
r-devel-linux-x86_64-debian-clang | 0.1.2 | 4.33 | 33.96 | 38.29 | OK | |
r-devel-linux-x86_64-debian-gcc | 0.1.2 | 3.88 | 26.29 | 30.17 | OK | |
r-devel-linux-x86_64-fedora-clang | 0.1.2 | 57.72 | NOTE | |||
r-devel-linux-x86_64-fedora-gcc | 0.1.2 | 56.06 | NOTE | |||
r-devel-windows-x86_64 | 0.1.2 | 8.00 | 62.00 | 70.00 | OK | |
r-patched-linux-x86_64 | 0.1.2 | 4.52 | 32.91 | 37.43 | OK | |
r-release-linux-x86_64 | 0.1.2 | 3.60 | 33.01 | 36.61 | OK | |
r-release-macos-arm64 | 0.1.2 | 20.00 | NOTE | |||
r-release-macos-x86_64 | 0.1.2 | 36.00 | NOTE | |||
r-release-windows-x86_64 | 0.1.2 | 8.00 | 65.00 | 73.00 | OK | |
r-oldrel-macos-arm64 | 0.1.2 | 25.00 | NOTE | |||
r-oldrel-macos-x86_64 | 0.1.2 | 30.00 | NOTE | |||
r-oldrel-windows-ix86+x86_64 | 0.1.2 | 9.00 | 59.00 | 68.00 | OK |
Version: 0.1.2
Check: dependencies in R code
Result: NOTE
Namespace in Imports field not imported from: ‘tsibble’
All declared Imports should be used.
Flavors: r-devel-linux-x86_64-fedora-clang, r-devel-linux-x86_64-fedora-gcc, r-release-macos-arm64, r-release-macos-x86_64, r-oldrel-macos-arm64, r-oldrel-macos-x86_64