Last updated on 2022-08-15 08:50:11 CEST.
Flavor | Version | Tinstall | Tcheck | Ttotal | Status | Flags |
---|---|---|---|---|---|---|
r-devel-linux-x86_64-debian-clang | 0.1.1 | 16.02 | 34.49 | 50.51 | OK | |
r-devel-linux-x86_64-debian-gcc | 0.1.1 | 14.38 | 27.56 | 41.94 | OK | |
r-devel-linux-x86_64-fedora-clang | 0.1.1 | 76.58 | NOTE | |||
r-devel-linux-x86_64-fedora-gcc | 0.1.1 | 75.75 | NOTE | |||
r-devel-windows-x86_64 | 0.1.1 | 34.00 | 64.00 | 98.00 | OK | |
r-patched-linux-x86_64 | 0.1.1 | 15.29 | 34.05 | 49.34 | OK | |
r-release-linux-x86_64 | 0.1.1 | 15.89 | 34.36 | 50.25 | OK | |
r-release-macos-arm64 | 0.1.1 | 28.00 | NOTE | |||
r-release-macos-x86_64 | 0.1.1 | 37.00 | NOTE | |||
r-release-windows-x86_64 | 0.1.1 | 26.00 | 63.00 | 89.00 | OK | |
r-oldrel-macos-arm64 | 0.1.1 | 33.00 | NOTE | |||
r-oldrel-macos-x86_64 | 0.1.1 | 40.00 | NOTE | |||
r-oldrel-windows-ix86+x86_64 | 0.1.1 | 24.00 | 53.00 | 77.00 | OK |
Version: 0.1.1
Check: data for non-ASCII characters
Result: NOTE
Note: found 33 marked UTF-8 strings
Flavors: r-devel-linux-x86_64-fedora-clang, r-devel-linux-x86_64-fedora-gcc, r-release-macos-arm64, r-release-macos-x86_64, r-oldrel-macos-arm64, r-oldrel-macos-x86_64
Version: 0.1.1
Check: installed package size
Result: NOTE
installed size is 5.1Mb
sub-directories of 1Mb or more:
data 5.0Mb
Flavors: r-release-macos-arm64, r-oldrel-macos-arm64