Last updated on 2022-08-15 08:50:11 CEST.
Flavor | Version | Tinstall | Tcheck | Ttotal | Status | Flags |
---|---|---|---|---|---|---|
r-devel-linux-x86_64-debian-clang | 4.2.1 | 29.70 | 40.72 | 70.42 | OK | |
r-devel-linux-x86_64-debian-gcc | 4.2.1 | 21.35 | 31.97 | 53.32 | OK | |
r-devel-linux-x86_64-fedora-gcc | 4.2.1 | 95.39 | OK | |||
r-devel-windows-x86_64 | 4.2.1 | 67.00 | 200.00 | 267.00 | NOTE | |
r-patched-linux-x86_64 | 4.2.1 | 24.44 | 40.35 | 64.79 | OK | |
r-release-linux-x86_64 | 4.2.1 | 25.50 | 40.38 | 65.88 | OK | |
r-release-macos-arm64 | 4.2.1 | 49.00 | NOTE | |||
r-release-macos-x86_64 | 4.2.1 | 125.00 | NOTE | |||
r-release-windows-x86_64 | 4.2.1 | 58.00 | 189.00 | 247.00 | NOTE | |
r-oldrel-macos-arm64 | 4.2.1 | 53.00 | NOTE | |||
r-oldrel-macos-x86_64 | 4.2.1 | 116.00 | NOTE | |||
r-oldrel-windows-ix86+x86_64 | 4.2.1 | 117.00 | 212.00 | 329.00 | NOTE |
Version: 4.2.1
Check: installed package size
Result: NOTE
installed size is 17.1Mb
sub-directories of 1Mb or more:
doc 1.7Mb
libs 15.3Mb
Flavors: r-devel-windows-x86_64, r-release-macos-arm64, r-release-macos-x86_64, r-release-windows-x86_64, r-oldrel-macos-arm64, r-oldrel-macos-x86_64, r-oldrel-windows-ix86+x86_64