Last updated on 2022-08-15 08:50:11 CEST.
Flavor | Version | Tinstall | Tcheck | Ttotal | Status | Flags |
---|---|---|---|---|---|---|
r-devel-linux-x86_64-debian-gcc | 0.1.0 | 293.09 | 156.08 | 449.17 | OK | |
r-devel-linux-x86_64-fedora-clang | 0.1.0 | 733.60 | OK | |||
r-devel-linux-x86_64-fedora-gcc | 0.1.0 | 731.52 | OK | |||
r-devel-windows-x86_64 | 0.1.0 | 250.00 | 177.00 | 427.00 | OK | |
r-release-macos-arm64 | 0.1.0 | 109.00 | NOTE | |||
r-oldrel-macos-arm64 | 0.1.0 | 104.00 | NOTE |
Version: 0.1.0
Check: installed package size
Result: NOTE
installed size is 25.2Mb
sub-directories of 1Mb or more:
doc 2.2Mb
libs 22.8Mb
Flavors: r-release-macos-arm64, r-oldrel-macos-arm64