Last updated on 2022-08-15 08:50:11 CEST.
Flavor | Version | Tinstall | Tcheck | Ttotal | Status | Flags |
---|---|---|---|---|---|---|
r-devel-linux-x86_64-debian-clang | 1.1-6 | 10.28 | 72.64 | 82.92 | NOTE | |
r-devel-linux-x86_64-debian-gcc | 1.1-6 | 5.58 | 55.31 | 60.89 | NOTE | |
r-devel-linux-x86_64-fedora-clang | 1.1-6 | 110.85 | NOTE | |||
r-devel-linux-x86_64-fedora-gcc | 1.1-6 | 102.23 | NOTE | |||
r-devel-windows-x86_64 | 1.1-6 | 69.00 | 99.00 | 168.00 | NOTE | |
r-patched-linux-x86_64 | 1.1-6 | 12.55 | 68.29 | 80.84 | OK | |
r-release-linux-x86_64 | 1.1-6 | 9.14 | 67.56 | 76.70 | OK | |
r-release-macos-arm64 | 1.1-6 | 27.00 | OK | |||
r-release-macos-x86_64 | 1.1-6 | 42.00 | OK | |||
r-release-windows-x86_64 | 1.1-6 | 70.00 | 97.00 | 167.00 | OK | |
r-oldrel-macos-arm64 | 1.1-6 | 26.00 | OK | |||
r-oldrel-macos-x86_64 | 1.1-6 | 41.00 | OK | |||
r-oldrel-windows-ix86+x86_64 | 1.1-6 | 17.00 | 94.00 | 111.00 | OK |
Version: 1.1-6
Check: Rd files
Result: NOTE
checkRd: (-1) huse.Rd:61: Escaped LaTeX specials: \&
Flavors: r-devel-linux-x86_64-debian-clang, r-devel-linux-x86_64-debian-gcc, r-devel-linux-x86_64-fedora-clang, r-devel-linux-x86_64-fedora-gcc, r-devel-windows-x86_64