Last updated on 2022-08-15 08:50:11 CEST.
Flavor | Version | Tinstall | Tcheck | Ttotal | Status | Flags |
---|---|---|---|---|---|---|
r-devel-linux-x86_64-debian-clang | 0.3 | 4.81 | 94.24 | 99.05 | NOTE | |
r-devel-linux-x86_64-debian-gcc | 0.3 | 2.93 | 69.65 | 72.58 | NOTE | |
r-devel-linux-x86_64-fedora-clang | 0.3 | 125.34 | NOTE | |||
r-devel-linux-x86_64-fedora-gcc | 0.3 | 125.27 | NOTE | |||
r-devel-windows-x86_64 | 0.3 | 96.00 | 118.00 | 214.00 | NOTE | |
r-patched-linux-x86_64 | 0.3 | 4.72 | 88.62 | 93.34 | NOTE | |
r-release-linux-x86_64 | 0.3 | 4.60 | 88.45 | 93.05 | NOTE | |
r-release-macos-arm64 | 0.3 | 40.00 | NOTE | |||
r-release-macos-x86_64 | 0.3 | 53.00 | NOTE | |||
r-release-windows-x86_64 | 0.3 | 55.00 | 118.00 | 173.00 | NOTE | |
r-oldrel-macos-arm64 | 0.3 | 45.00 | NOTE | |||
r-oldrel-macos-x86_64 | 0.3 | 75.00 | NOTE | |||
r-oldrel-windows-ix86+x86_64 | 0.3 | 12.00 | 119.00 | 131.00 | NOTE |
Version: 0.3
Check: DESCRIPTION meta-information
Result: NOTE
Malformed Title field: should not end in a period.
Flavors: r-devel-linux-x86_64-debian-clang, r-devel-linux-x86_64-debian-gcc, r-devel-linux-x86_64-fedora-clang, r-devel-linux-x86_64-fedora-gcc, r-devel-windows-x86_64, r-patched-linux-x86_64, r-release-linux-x86_64, r-release-macos-arm64, r-release-macos-x86_64, r-release-windows-x86_64, r-oldrel-macos-arm64, r-oldrel-macos-x86_64, r-oldrel-windows-ix86+x86_64