Last updated on 2022-08-15 08:50:11 CEST.
Flavor | Version | Tinstall | Tcheck | Ttotal | Status | Flags |
---|---|---|---|---|---|---|
r-devel-linux-x86_64-debian-clang | 0.1.0 | 15.03 | 131.80 | 146.83 | NOTE | |
r-devel-linux-x86_64-debian-gcc | 0.1.0 | 13.14 | 100.97 | 114.11 | NOTE | |
r-devel-linux-x86_64-fedora-clang | 0.1.0 | 188.68 | NOTE | |||
r-devel-linux-x86_64-fedora-gcc | 0.1.0 | 185.98 | NOTE | |||
r-devel-windows-x86_64 | 0.1.0 | 20.00 | 150.00 | 170.00 | NOTE | |
r-patched-linux-x86_64 | 0.1.0 | 16.79 | 125.81 | 142.60 | NOTE | |
r-release-linux-x86_64 | 0.1.0 | 14.76 | 125.11 | 139.87 | NOTE | |
r-release-macos-arm64 | 0.1.0 | 52.00 | NOTE | |||
r-release-macos-x86_64 | 0.1.0 | 90.00 | NOTE | |||
r-release-windows-x86_64 | 0.1.0 | 19.00 | 151.00 | 170.00 | NOTE | |
r-oldrel-macos-arm64 | 0.1.0 | 64.00 | NOTE | |||
r-oldrel-macos-x86_64 | 0.1.0 | 113.00 | NOTE | |||
r-oldrel-windows-ix86+x86_64 | 0.1.0 | 38.00 | 144.00 | 182.00 | NOTE |
Version: 0.1.0
Check: LazyData
Result: NOTE
'LazyData' is specified without a 'data' directory
Flavors: r-devel-linux-x86_64-debian-clang, r-devel-linux-x86_64-debian-gcc, r-devel-linux-x86_64-fedora-clang, r-devel-linux-x86_64-fedora-gcc, r-devel-windows-x86_64, r-patched-linux-x86_64, r-release-linux-x86_64, r-release-macos-arm64, r-release-macos-x86_64, r-release-windows-x86_64, r-oldrel-macos-arm64, r-oldrel-macos-x86_64, r-oldrel-windows-ix86+x86_64