Last updated on 2022-08-15 08:50:12 CEST.
Flavor | Version | Tinstall | Tcheck | Ttotal | Status | Flags |
---|---|---|---|---|---|---|
r-devel-linux-x86_64-debian-clang | 1.0.1 | 44.44 | 100.03 | 144.47 | OK | |
r-devel-linux-x86_64-debian-gcc | 1.0.1 | 37.45 | 59.37 | 96.82 | OK | |
r-devel-linux-x86_64-fedora-clang | 1.0.1 | 173.15 | OK | |||
r-devel-linux-x86_64-fedora-gcc | 1.0.1 | 120.97 | OK | |||
r-devel-windows-x86_64 | 1.0.1 | 47.00 | 102.00 | 149.00 | OK | |
r-patched-linux-x86_64 | 1.0.1 | 38.77 | 77.82 | 116.59 | OK | |
r-release-linux-x86_64 | 1.0.1 | 41.35 | 79.57 | 120.92 | OK | |
r-release-macos-arm64 | 1.0.1 | 36.00 | NOTE | |||
r-release-macos-x86_64 | 1.0.1 | 54.00 | NOTE | |||
r-release-windows-x86_64 | 1.0.1 | 46.00 | 103.00 | 149.00 | OK | |
r-oldrel-macos-arm64 | 1.0.1 | 33.00 | NOTE | |||
r-oldrel-macos-x86_64 | 1.0.1 | 52.00 | NOTE | |||
r-oldrel-windows-ix86+x86_64 | 1.0.1 | 107.00 | 337.00 | 444.00 | OK |
Version: 1.0.1
Check: installed package size
Result: NOTE
installed size is 5.3Mb
sub-directories of 1Mb or more:
libs 3.8Mb
Flavors: r-release-macos-arm64, r-release-macos-x86_64, r-oldrel-macos-arm64, r-oldrel-macos-x86_64