Last updated on 2022-08-15 08:50:12 CEST.
Flavor | Version | Tinstall | Tcheck | Ttotal | Status | Flags |
---|---|---|---|---|---|---|
r-devel-linux-x86_64-debian-clang | 2.1-14 | 3.60 | 28.80 | 32.40 | OK | |
r-devel-linux-x86_64-debian-gcc | 2.1-14 | 3.27 | 22.27 | 25.54 | OK | |
r-devel-linux-x86_64-fedora-clang | 2.1-14 | 51.46 | NOTE | |||
r-devel-linux-x86_64-fedora-gcc | 2.1-14 | 50.40 | OK | |||
r-devel-windows-x86_64 | 2.1-14 | 14.00 | 51.00 | 65.00 | OK | |
r-patched-linux-x86_64 | 2.1-14 | 4.11 | 28.01 | 32.12 | OK | |
r-release-linux-x86_64 | 2.1-14 | 3.51 | 28.30 | 31.81 | OK | |
r-release-macos-arm64 | 2.1-14 | 20.00 | OK | |||
r-release-macos-x86_64 | 2.1-14 | 25.00 | OK | |||
r-release-windows-x86_64 | 2.1-14 | 17.00 | 49.00 | 66.00 | OK | |
r-oldrel-macos-arm64 | 2.1-14 | 16.00 | OK | |||
r-oldrel-macos-x86_64 | 2.1-14 | 29.00 | OK | |||
r-oldrel-windows-ix86+x86_64 | 2.1-14 | 18.00 | 54.00 | 72.00 | OK |
Version: 2.1-14
Check: Rd cross-references
Result: NOTE
Undeclared package ‘dtw’ in Rd xrefs
Flavor: r-devel-linux-x86_64-fedora-clang