Last updated on 2022-08-15 08:50:11 CEST.
Flavor | Version | Tinstall | Tcheck | Ttotal | Status | Flags |
---|---|---|---|---|---|---|
r-devel-linux-x86_64-debian-clang | 1.1.9 | 17.33 | 166.65 | 183.98 | OK | |
r-devel-linux-x86_64-debian-gcc | 1.1.9 | 14.28 | 122.69 | 136.97 | OK | |
r-devel-linux-x86_64-fedora-clang | 1.1.9 | 228.94 | NOTE | |||
r-devel-linux-x86_64-fedora-gcc | 1.1.9 | 235.62 | NOTE | |||
r-devel-windows-x86_64 | 1.1.9 | 28.00 | 182.00 | 210.00 | OK | |
r-patched-linux-x86_64 | 1.1.9 | 16.72 | 157.93 | 174.65 | OK | |
r-release-linux-x86_64 | 1.1.9 | 14.25 | 159.02 | 173.27 | OK | |
r-release-macos-arm64 | 1.1.9 | 67.00 | NOTE | |||
r-release-macos-x86_64 | 1.1.9 | 86.00 | NOTE | |||
r-release-windows-x86_64 | 1.1.9 | 26.00 | 181.00 | 207.00 | OK | |
r-oldrel-macos-arm64 | 1.1.9 | 61.00 | NOTE | |||
r-oldrel-macos-x86_64 | 1.1.9 | 88.00 | NOTE | |||
r-oldrel-windows-ix86+x86_64 | 1.1.9 | 40.00 | 305.00 | 345.00 | OK |
Version: 1.1.9
Check: dependencies in R code
Result: NOTE
Namespace in Imports field not imported from: ‘gam’
All declared Imports should be used.
Flavors: r-devel-linux-x86_64-fedora-clang, r-devel-linux-x86_64-fedora-gcc, r-release-macos-arm64, r-release-macos-x86_64, r-oldrel-macos-arm64, r-oldrel-macos-x86_64