Last updated on 2022-08-15 08:50:11 CEST.
Flavor | Version | Tinstall | Tcheck | Ttotal | Status | Flags |
---|---|---|---|---|---|---|
r-devel-linux-x86_64-debian-clang | 1.0.0 | 12.95 | 112.72 | 125.67 | NOTE | |
r-devel-linux-x86_64-debian-gcc | 1.0.0 | 10.31 | 84.73 | 95.04 | NOTE | |
r-devel-linux-x86_64-fedora-clang | 1.0.0 | 163.32 | NOTE | |||
r-devel-linux-x86_64-fedora-gcc | 1.0.0 | 155.01 | NOTE | |||
r-devel-windows-x86_64 | 1.0.0 | 42.00 | 132.00 | 174.00 | NOTE | |
r-patched-linux-x86_64 | 1.0.0 | 12.49 | 105.52 | 118.01 | OK | |
r-release-linux-x86_64 | 1.0.0 | 12.02 | 105.78 | 117.80 | OK | |
r-release-macos-arm64 | 1.0.0 | 43.00 | NOTE | |||
r-release-macos-x86_64 | 1.0.0 | 81.00 | NOTE | |||
r-release-windows-x86_64 | 1.0.0 | 47.00 | 133.00 | 180.00 | OK | |
r-oldrel-macos-arm64 | 1.0.0 | 48.00 | NOTE | |||
r-oldrel-macos-x86_64 | 1.0.0 | 65.00 | NOTE | |||
r-oldrel-windows-ix86+x86_64 | 1.0.0 | 30.00 | 267.00 | 297.00 | OK |
Version: 1.0.0
Check: Rd files
Result: NOTE
checkRd: (-1) ex121.Rd:18: Escaped LaTeX specials: \&
checkRd: (-1) ex124.Rd:18: Escaped LaTeX specials: \&
checkRd: (-1) ex125.Rd:18: Escaped LaTeX specials: \&
checkRd: (-1) ex127.Rd:18: Escaped LaTeX specials: \&
checkRd: (-1) ex32.Rd:18: Escaped LaTeX specials: \&
checkRd: (-1) ex33.Rd:18: Escaped LaTeX specials: \&
Flavors: r-devel-linux-x86_64-debian-clang, r-devel-linux-x86_64-debian-gcc, r-devel-linux-x86_64-fedora-clang, r-devel-linux-x86_64-fedora-gcc, r-devel-windows-x86_64
Version: 1.0.0
Check: dependencies in R code
Result: NOTE
Namespace in Imports field not imported from: ‘nlme’
All declared Imports should be used.
Flavors: r-devel-linux-x86_64-fedora-clang, r-devel-linux-x86_64-fedora-gcc, r-release-macos-arm64, r-release-macos-x86_64, r-oldrel-macos-arm64, r-oldrel-macos-x86_64