Last updated on 2022-08-15 08:50:11 CEST.
Flavor | Version | Tinstall | Tcheck | Ttotal | Status | Flags |
---|---|---|---|---|---|---|
r-devel-linux-x86_64-debian-clang | 0.1.9 | 8.92 | 76.87 | 85.79 | OK | |
r-devel-linux-x86_64-debian-gcc | 0.1.9 | 5.67 | 56.24 | 61.91 | OK | |
r-devel-linux-x86_64-fedora-clang | 0.1.9 | 115.72 | NOTE | |||
r-devel-linux-x86_64-fedora-gcc | 0.1.9 | 111.56 | NOTE | |||
r-devel-windows-x86_64 | 0.1.9 | 28.00 | 120.00 | 148.00 | OK | |
r-patched-linux-x86_64 | 0.1.9 | 8.76 | 75.27 | 84.03 | OK | |
r-release-linux-x86_64 | 0.1.9 | 6.64 | 71.74 | 78.38 | OK | |
r-release-macos-arm64 | 0.1.9 | 37.00 | NOTE | |||
r-release-macos-x86_64 | 0.1.9 | 50.00 | NOTE | |||
r-release-windows-x86_64 | 0.1.9 | 32.00 | 176.00 | 208.00 | OK | |
r-oldrel-macos-arm64 | 0.1.9 | 38.00 | NOTE | |||
r-oldrel-macos-x86_64 | 0.1.9 | 50.00 | NOTE | |||
r-oldrel-windows-ix86+x86_64 | 0.1.9 | 19.00 | 113.00 | 132.00 | OK |
Version: 0.1.9
Check: dependencies in R code
Result: NOTE
Namespaces in Imports field not imported from:
‘kableExtra’ ‘knitr’ ‘leaflet’ ‘mapview’
All declared Imports should be used.
Flavors: r-devel-linux-x86_64-fedora-clang, r-devel-linux-x86_64-fedora-gcc, r-release-macos-arm64, r-release-macos-x86_64, r-oldrel-macos-arm64, r-oldrel-macos-x86_64