Last updated on 2022-08-15 08:50:11 CEST.
Flavor | Version | Tinstall | Tcheck | Ttotal | Status | Flags |
---|---|---|---|---|---|---|
r-devel-linux-x86_64-debian-clang | 2.4.4 | 34.04 | 155.86 | 189.90 | NOTE | |
r-devel-linux-x86_64-debian-gcc | 2.4.4 | 27.45 | 110.64 | 138.09 | NOTE | |
r-devel-linux-x86_64-fedora-clang | 2.4.4 | 237.31 | NOTE | |||
r-devel-linux-x86_64-fedora-gcc | 2.4.4 | 250.45 | NOTE | |||
r-devel-windows-x86_64 | 2.4.4 | 190.00 | 186.00 | 376.00 | OK | |
r-patched-linux-x86_64 | 2.4.4 | 33.65 | 143.42 | 177.07 | OK | |
r-release-linux-x86_64 | 2.4.4 | 30.71 | 144.79 | 175.50 | OK | |
r-release-macos-arm64 | 2.4.4 | 76.00 | OK | |||
r-release-macos-x86_64 | 2.4.4 | 101.00 | OK | |||
r-release-windows-x86_64 | 2.4.4 | 133.00 | 186.00 | 319.00 | OK | |
r-oldrel-macos-arm64 | 2.4.4 | 69.00 | OK | |||
r-oldrel-macos-x86_64 | 2.4.4 | 97.00 | OK | |||
r-oldrel-windows-ix86+x86_64 | 2.4.4 | 76.00 | 259.00 | 335.00 | OK |
Version: 2.4.4
Check: HTML version of manual
Result: NOTE
Found the following HTML validation problems:
RVineClarkeTest.html:56:32: Warning: trimming empty <code>
RVineClarkeTest.html:68:32: Warning: trimming empty <code>
Flavors: r-devel-linux-x86_64-debian-clang, r-devel-linux-x86_64-debian-gcc, r-devel-linux-x86_64-fedora-clang, r-devel-linux-x86_64-fedora-gcc
Version: 2.4.4
Check: Rd cross-references
Result: NOTE
Undeclared packages ‘foreach’, ‘copula’ in Rd xrefs
Flavor: r-devel-linux-x86_64-fedora-clang