Last updated on 2022-08-15 08:50:12 CEST.
Flavor | Version | Tinstall | Tcheck | Ttotal | Status | Flags |
---|---|---|---|---|---|---|
r-devel-linux-x86_64-debian-clang | 1.4.2 | 10.03 | 147.93 | 157.96 | NOTE | |
r-devel-linux-x86_64-debian-gcc | 1.4.2 | 6.54 | 108.05 | 114.59 | NOTE | |
r-devel-linux-x86_64-fedora-clang | 1.4.2 | 200.69 | NOTE | |||
r-devel-linux-x86_64-fedora-gcc | 1.4.2 | 196.76 | NOTE | |||
r-devel-windows-x86_64 | 1.4.2 | 27.00 | 175.00 | 202.00 | OK | |
r-patched-linux-x86_64 | 1.4.2 | 5.68 | 137.55 | 143.23 | OK | |
r-release-linux-x86_64 | 1.4.2 | 5.84 | 139.30 | 145.14 | OK | |
r-release-macos-arm64 | 1.4.2 | 55.00 | OK | |||
r-release-macos-x86_64 | 1.4.2 | 102.00 | OK | |||
r-release-windows-x86_64 | 1.4.2 | 26.00 | 171.00 | 197.00 | OK | |
r-oldrel-macos-arm64 | 1.4.2 | 42.00 | OK | |||
r-oldrel-macos-x86_64 | 1.4.2 | 72.00 | OK | |||
r-oldrel-windows-ix86+x86_64 | 1.4.2 | 20.00 | 287.00 | 307.00 | OK |
Version: 1.4.2
Check: HTML version of manual
Result: NOTE
Found the following HTML validation problems:
data.SW1.html:19:1: Warning: missing </h2> before <p>
data.SW1.html:21:1: Warning: discarding unexpected </h2>
data.SW3.html:19:1: Warning: missing </h2> before <p>
data.SW3.html:21:1: Warning: discarding unexpected </h2>
Flavors: r-devel-linux-x86_64-debian-clang, r-devel-linux-x86_64-debian-gcc, r-devel-linux-x86_64-fedora-clang, r-devel-linux-x86_64-fedora-gcc