Last updated on 2022-08-15 08:50:12 CEST.
Flavor | Version | Tinstall | Tcheck | Ttotal | Status | Flags |
---|---|---|---|---|---|---|
r-devel-linux-x86_64-debian-clang | 2.7.7 | 2.27 | 28.90 | 31.17 | OK | |
r-devel-linux-x86_64-debian-gcc | 2.7.7 | 2.50 | 22.40 | 24.90 | OK | |
r-devel-linux-x86_64-fedora-clang | 2.7.7 | 49.74 | NOTE | |||
r-devel-linux-x86_64-fedora-gcc | 2.7.7 | 48.38 | NOTE | |||
r-devel-windows-x86_64 | 2.7.7 | 12.00 | 53.00 | 65.00 | OK | |
r-patched-linux-x86_64 | 2.7.7 | 2.65 | 27.99 | 30.64 | OK | |
r-release-linux-x86_64 | 2.7.7 | 2.68 | 28.15 | 30.83 | OK | |
r-release-macos-arm64 | 2.7.7 | 16.00 | NOTE | |||
r-release-macos-x86_64 | 2.7.7 | 24.00 | NOTE | |||
r-release-windows-x86_64 | 2.7.7 | 12.00 | 53.00 | 65.00 | OK | |
r-oldrel-macos-arm64 | 2.7.7 | 16.00 | NOTE | |||
r-oldrel-macos-x86_64 | 2.7.7 | 26.00 | NOTE | |||
r-oldrel-windows-ix86+x86_64 | 2.7.7 | 7.00 | 45.00 | 52.00 | OK |
Version: 2.7.7
Check: data for non-ASCII characters
Result: NOTE
Note: found 1660 marked UTF-8 strings
Flavors: r-devel-linux-x86_64-fedora-clang, r-devel-linux-x86_64-fedora-gcc, r-release-macos-arm64, r-release-macos-x86_64, r-oldrel-macos-arm64, r-oldrel-macos-x86_64