Last updated on 2022-08-15 08:50:12 CEST.
Flavor | Version | Tinstall | Tcheck | Ttotal | Status | Flags |
---|---|---|---|---|---|---|
r-devel-linux-x86_64-debian-clang | 1.7-11 | 8.99 | 38.49 | 47.48 | OK | |
r-devel-linux-x86_64-debian-gcc | 1.7-11 | 6.50 | 30.05 | 36.55 | OK | |
r-devel-linux-x86_64-fedora-clang | 1.7-11 | 70.21 | NOTE | |||
r-devel-linux-x86_64-fedora-gcc | 1.7-11 | 66.31 | OK | |||
r-devel-windows-x86_64 | 1.7-11 | 21.00 | 75.00 | 96.00 | OK | |
r-patched-linux-x86_64 | 1.7-11 | 8.16 | 36.96 | 45.12 | OK | |
r-release-linux-x86_64 | 1.7-11 | 7.76 | 37.15 | 44.91 | OK | |
r-release-macos-arm64 | 1.7-11 | 22.00 | OK | |||
r-release-macos-x86_64 | 1.7-11 | 33.00 | OK | |||
r-release-windows-x86_64 | 1.7-11 | 26.00 | 76.00 | 102.00 | OK | |
r-oldrel-macos-arm64 | 1.7-11 | 22.00 | OK | |||
r-oldrel-macos-x86_64 | 1.7-11 | 32.00 | OK | |||
r-oldrel-windows-ix86+x86_64 | 1.7-11 | 18.00 | 79.00 | 97.00 | OK |
Version: 1.7-11
Check: Rd cross-references
Result: NOTE
Undeclared packages ‘slam’, ‘kernlab’ in Rd xrefs
Flavor: r-devel-linux-x86_64-fedora-clang