Last updated on 2022-08-15 08:50:12 CEST.
Flavor | Version | Tinstall | Tcheck | Ttotal | Status | Flags |
---|---|---|---|---|---|---|
r-devel-linux-x86_64-debian-clang | 1.5-10 | 3.02 | 29.62 | 32.64 | NOTE | |
r-devel-linux-x86_64-debian-gcc | 1.5-10 | 2.10 | 22.61 | 24.71 | NOTE | |
r-devel-linux-x86_64-fedora-clang | 1.5-10 | 51.45 | NOTE | |||
r-devel-linux-x86_64-fedora-gcc | 1.5-10 | 56.88 | NOTE | |||
r-devel-windows-x86_64 | 1.5-10 | 11.00 | 52.00 | 63.00 | NOTE | |
r-patched-linux-x86_64 | 1.5-10 | 2.24 | 28.24 | 30.48 | OK | |
r-release-linux-x86_64 | 1.5-10 | 2.59 | 28.17 | 30.76 | OK | |
r-release-macos-arm64 | 1.5-10 | 20.00 | OK | |||
r-release-macos-x86_64 | 1.5-10 | 30.00 | OK | |||
r-release-windows-x86_64 | 1.5-10 | 6.00 | 54.00 | 60.00 | OK | |
r-oldrel-macos-arm64 | 1.5-10 | 27.00 | OK | |||
r-oldrel-macos-x86_64 | 1.5-10 | 38.00 | OK | |||
r-oldrel-windows-ix86+x86_64 | 1.5-10 | 7.00 | 49.00 | 56.00 | OK |
Version: 1.5-10
Check: package subdirectories
Result: NOTE
Problems with news in 'NEWS.md':
Cannot extract version info from the following section titles:
Major changes
Minor changes
Flavors: r-devel-linux-x86_64-debian-clang, r-devel-linux-x86_64-debian-gcc, r-devel-linux-x86_64-fedora-clang, r-devel-linux-x86_64-fedora-gcc, r-devel-windows-x86_64