Last updated on 2022-08-15 08:50:12 CEST.
Flavor | Version | Tinstall | Tcheck | Ttotal | Status | Flags |
---|---|---|---|---|---|---|
r-devel-linux-x86_64-debian-clang | 1.1 | 4.87 | 40.14 | 45.01 | OK | |
r-devel-linux-x86_64-debian-gcc | 1.1 | 3.29 | 30.39 | 33.68 | OK | |
r-devel-linux-x86_64-fedora-clang | 1.1 | 66.84 | NOTE | |||
r-devel-linux-x86_64-fedora-gcc | 1.1 | 62.21 | OK | |||
r-devel-windows-x86_64 | 1.1 | 14.00 | 66.00 | 80.00 | OK | |
r-patched-linux-x86_64 | 1.1 | 3.84 | 38.28 | 42.12 | OK | |
r-release-linux-x86_64 | 1.1 | 5.17 | 37.87 | 43.04 | OK | |
r-release-macos-arm64 | 1.1 | 20.00 | OK | |||
r-release-macos-x86_64 | 1.1 | 28.00 | OK | |||
r-release-windows-x86_64 | 1.1 | 22.00 | 69.00 | 91.00 | OK | |
r-oldrel-macos-arm64 | 1.1 | 23.00 | OK | |||
r-oldrel-macos-x86_64 | 1.1 | 31.00 | OK | |||
r-oldrel-windows-ix86+x86_64 | 1.1 | 9.00 | 58.00 | 67.00 | OK |
Version: 1.1
Check: Rd cross-references
Result: NOTE
Undeclared package ‘WikipediR’ in Rd xrefs
Flavor: r-devel-linux-x86_64-fedora-clang