Last updated on 2022-08-15 08:50:12 CEST.
Flavor | Version | Tinstall | Tcheck | Ttotal | Status | Flags |
---|---|---|---|---|---|---|
r-devel-linux-x86_64-debian-clang | 1.10 | 3.40 | 30.20 | 33.60 | OK | |
r-devel-linux-x86_64-debian-gcc | 1.10 | 2.46 | 22.82 | 25.28 | OK | |
r-devel-linux-x86_64-fedora-clang | 1.10 | 53.12 | NOTE | |||
r-devel-linux-x86_64-fedora-gcc | 1.10 | 49.38 | NOTE | |||
r-devel-windows-x86_64 | 1.10 | 13.00 | 53.00 | 66.00 | OK | |
r-patched-linux-x86_64 | 1.10 | 2.67 | 28.53 | 31.20 | OK | |
r-release-linux-x86_64 | 1.10 | 3.52 | 28.75 | 32.27 | OK | |
r-release-macos-arm64 | 1.10 | 17.00 | NOTE | |||
r-release-macos-x86_64 | 1.10 | 24.00 | NOTE | |||
r-release-windows-x86_64 | 1.10 | 18.00 | 56.00 | 74.00 | OK | |
r-oldrel-macos-arm64 | 1.10 | 17.00 | NOTE | |||
r-oldrel-macos-x86_64 | 1.10 | 27.00 | NOTE | |||
r-oldrel-windows-ix86+x86_64 | 1.10 | 8.00 | 49.00 | 57.00 | OK |
Version: 1.10
Check: data for non-ASCII characters
Result: NOTE
Note: found 2 marked UTF-8 strings
Flavors: r-devel-linux-x86_64-fedora-clang, r-devel-linux-x86_64-fedora-gcc, r-release-macos-arm64, r-release-macos-x86_64, r-oldrel-macos-arm64, r-oldrel-macos-x86_64