Last updated on 2022-08-15 08:50:12 CEST.
Flavor | Version | Tinstall | Tcheck | Ttotal | Status | Flags |
---|---|---|---|---|---|---|
r-devel-linux-x86_64-debian-clang | 0.99.19.1 | 107.57 | 31.49 | 139.06 | OK | |
r-devel-linux-x86_64-debian-gcc | 0.99.19.1 | 80.67 | 24.19 | 104.86 | OK | |
r-devel-linux-x86_64-fedora-clang | 0.99.19.1 | 220.94 | OK | |||
r-devel-linux-x86_64-fedora-gcc | 0.99.19.1 | 188.05 | OK | |||
r-devel-windows-x86_64 | 0.99.19.1 | 83.00 | 82.00 | 165.00 | OK | |
r-patched-linux-x86_64 | 0.99.19.1 | 85.27 | 30.89 | 116.16 | OK | |
r-release-linux-x86_64 | 0.99.19.1 | 87.89 | 30.92 | 118.81 | OK | |
r-release-macos-arm64 | 0.99.19.1 | 48.00 | OK | |||
r-release-macos-x86_64 | 0.99.19.1 | 62.00 | OK | |||
r-release-windows-x86_64 | 0.99.19.1 | 84.00 | 84.00 | 168.00 | OK | |
r-oldrel-macos-arm64 | 0.99.19.1 | 55.00 | OK | |||
r-oldrel-macos-x86_64 | 0.99.19.1 | 61.00 | OK | |||
r-oldrel-windows-ix86+x86_64 | 0.99.19.1 | 260.00 | 123.00 | 383.00 | NOTE |
Version: 0.99.19.1
Check: installed package size
Result: NOTE
installed size is 6.2Mb
sub-directories of 1Mb or more:
libs 6.1Mb
Flavor: r-oldrel-windows-ix86+x86_64