Last updated on 2022-08-15 08:50:12 CEST.
Flavor | Version | Tinstall | Tcheck | Ttotal | Status | Flags |
---|---|---|---|---|---|---|
r-devel-linux-x86_64-debian-clang | 4.0.4 | 1.84 | 19.75 | 21.59 | OK | |
r-devel-linux-x86_64-debian-gcc | 4.0.4 | 1.50 | 15.62 | 17.12 | OK | |
r-devel-linux-x86_64-fedora-clang | 4.0.4 | 38.77 | NOTE | |||
r-devel-linux-x86_64-fedora-gcc | 4.0.4 | 36.75 | NOTE | |||
r-devel-windows-x86_64 | 4.0.4 | 32.00 | 43.00 | 75.00 | OK | |
r-patched-linux-x86_64 | 4.0.4 | 1.68 | 19.72 | 21.40 | OK | |
r-release-linux-x86_64 | 4.0.4 | 1.44 | 19.63 | 21.07 | OK | |
r-release-macos-arm64 | 4.0.4 | 14.00 | NOTE | |||
r-release-macos-x86_64 | 4.0.4 | 18.00 | NOTE | |||
r-release-windows-x86_64 | 4.0.4 | 5.00 | 44.00 | 49.00 | OK | |
r-oldrel-macos-arm64 | 4.0.4 | 16.00 | NOTE | |||
r-oldrel-macos-x86_64 | 4.0.4 | 23.00 | NOTE | |||
r-oldrel-windows-ix86+x86_64 | 4.0.4 | 4.00 | 37.00 | 41.00 | OK |
Version: 4.0.4
Check: dependencies in R code
Result: NOTE
Namespace in Imports field not imported from: ‘lubridate’
All declared Imports should be used.
Flavors: r-devel-linux-x86_64-fedora-clang, r-devel-linux-x86_64-fedora-gcc, r-release-macos-arm64, r-release-macos-x86_64, r-oldrel-macos-arm64, r-oldrel-macos-x86_64