Last updated on 2022-08-15 08:50:12 CEST.
Flavor | Version | Tinstall | Tcheck | Ttotal | Status | Flags |
---|---|---|---|---|---|---|
r-devel-linux-x86_64-debian-clang | 2.1.1 | 142.69 | 115.44 | 258.13 | WARN | |
r-devel-linux-x86_64-debian-gcc | 2.1.1 | 99.76 | 85.89 | 185.65 | OK | |
r-devel-linux-x86_64-fedora-clang | 2.1.1 | 346.66 | WARN | |||
r-devel-linux-x86_64-fedora-gcc | 2.1.1 | 302.00 | OK | |||
r-devel-windows-x86_64 | 2.1.1 | 372.00 | 154.00 | 526.00 | OK | |
r-patched-linux-x86_64 | 2.1.1 | 101.37 | 104.42 | 205.79 | OK | |
r-release-linux-x86_64 | 2.1.1 | 101.31 | 106.84 | 208.15 | OK | |
r-release-macos-arm64 | 2.1.1 | 77.00 | NOTE | |||
r-release-macos-x86_64 | 2.1.1 | 135.00 | NOTE | |||
r-release-windows-x86_64 | 2.1.1 | 191.00 | 150.00 | 341.00 | OK | |
r-oldrel-macos-arm64 | 2.1.1 | 88.00 | NOTE | |||
r-oldrel-macos-x86_64 | 2.1.1 | 94.00 | NOTE | |||
r-oldrel-windows-ix86+x86_64 | 2.1.1 | 266.00 | 178.00 | 444.00 | OK |
Version: 2.1.1
Check: whether package can be installed
Result: WARN
Found the following significant warnings:
fnToExport.cpp:415:8: warning: use of bitwise '&' with boolean operands [-Wbitwise-instead-of-logical]
Flavors: r-devel-linux-x86_64-debian-clang, r-devel-linux-x86_64-fedora-clang
Version: 2.1.1
Check: installed package size
Result: NOTE
installed size is 10.6Mb
sub-directories of 1Mb or more:
libs 10.3Mb
Flavors: r-release-macos-arm64, r-release-macos-x86_64, r-oldrel-macos-arm64, r-oldrel-macos-x86_64