Last updated on 2022-08-15 08:49:50 CEST.
Flavor | Version | Tinstall | Tcheck | Ttotal | Status | Flags |
---|---|---|---|---|---|---|
r-devel-linux-x86_64-debian-clang | 1.9 | 78.15 | 105.01 | 183.16 | OK | |
r-devel-linux-x86_64-debian-gcc | 1.9 | 67.80 | 76.71 | 144.51 | OK | |
r-devel-linux-x86_64-fedora-clang | 1.9 | 269.19 | OK | |||
r-devel-linux-x86_64-fedora-gcc | 1.9 | 252.92 | OK | |||
r-devel-windows-x86_64 | 1.9 | 68.00 | 143.00 | 211.00 | OK | |
r-patched-linux-x86_64 | 1.9 | 67.86 | 97.35 | 165.21 | OK | |
r-release-linux-x86_64 | 1.9 | 53.59 | 98.00 | 151.59 | OK | |
r-release-macos-arm64 | 1.9 | 61.00 | NOTE | |||
r-release-macos-x86_64 | 1.9 | 85.00 | NOTE | |||
r-release-windows-x86_64 | 1.9 | 76.00 | 142.00 | 218.00 | OK | |
r-oldrel-macos-arm64 | 1.9 | 63.00 | NOTE | |||
r-oldrel-macos-x86_64 | 1.9 | 86.00 | NOTE | |||
r-oldrel-windows-ix86+x86_64 | 1.9 | 199.00 | 188.00 | 387.00 | NOTE |
Version: 1.9
Check: installed package size
Result: NOTE
installed size is 5.4Mb
sub-directories of 1Mb or more:
data 2.6Mb
libs 2.5Mb
Flavors: r-release-macos-arm64, r-release-macos-x86_64, r-oldrel-macos-arm64, r-oldrel-macos-x86_64, r-oldrel-windows-ix86+x86_64