Last updated on 2022-08-15 08:49:50 CEST.
Flavor | Version | Tinstall | Tcheck | Ttotal | Status | Flags |
---|---|---|---|---|---|---|
r-devel-linux-x86_64-debian-clang | 0.1.1 | 1.98 | 24.12 | 26.10 | OK | |
r-devel-linux-x86_64-debian-gcc | 0.1.1 | 1.75 | 18.65 | 20.40 | OK | |
r-devel-linux-x86_64-fedora-clang | 0.1.1 | 44.75 | NOTE | |||
r-devel-linux-x86_64-fedora-gcc | 0.1.1 | 45.19 | NOTE | |||
r-devel-windows-x86_64 | 0.1.1 | 11.00 | 49.00 | 60.00 | OK | |
r-patched-linux-x86_64 | 0.1.1 | 2.01 | 23.33 | 25.34 | OK | |
r-release-linux-x86_64 | 0.1.1 | 2.17 | 23.14 | 25.31 | OK | |
r-release-macos-arm64 | 0.1.1 | 15.00 | NOTE | |||
r-release-macos-x86_64 | 0.1.1 | 22.00 | NOTE | |||
r-release-windows-x86_64 | 0.1.1 | 10.00 | 51.00 | 61.00 | OK | |
r-oldrel-macos-arm64 | 0.1.1 | 17.00 | NOTE | |||
r-oldrel-macos-x86_64 | 0.1.1 | 22.00 | NOTE | |||
r-oldrel-windows-ix86+x86_64 | 0.1.1 | 5.00 | 41.00 | 46.00 | OK |
Version: 0.1.1
Check: dependencies in R code
Result: NOTE
Namespace in Imports field not imported from: ‘MASS’
All declared Imports should be used.
Flavors: r-devel-linux-x86_64-fedora-clang, r-devel-linux-x86_64-fedora-gcc, r-release-macos-arm64, r-release-macos-x86_64, r-oldrel-macos-arm64, r-oldrel-macos-x86_64